{"id":325,"date":"2019-01-20T16:12:36","date_gmt":"2019-01-20T14:12:36","guid":{"rendered":"http:\/\/kuse.eufu.net\/?page_id=325"},"modified":"2019-01-20T16:44:11","modified_gmt":"2019-01-20T14:44:11","slug":"brandschutz-rohrrahmentueren","status":"publish","type":"page","link":"https:\/\/kuse.eufu.net\/?page_id=325","title":{"rendered":"Brandschutz- Rohrrahment\u00fcren"},"content":{"rendered":"\n<p><strong>NovoFire <\/strong>Profilrahmensysteme aus Aluminium sind wie geschaffen f\u00fcr den modernen Objektbau. Mit eleganten Oberfl\u00e4chen, zeitlosem Design und zahlreichen Varianten bieten sie dem ambitionierten Architekten und Planer schier unbegrenzte M\u00f6glichkeiten bei der Gestaltung von transparenten Feuer- und Rauchschutzabschl\u00fcssen im Innenbereich. Dabei sind ein- und zweifl\u00fcgelige T\u00fcren mit Oberlichtern und Seitenteilen \u00fcberaus vielf\u00e4ltig miteinander kombinierbar. <\/p>\n\n\n\n<figure class=\"wp-block-image\"><img loading=\"lazy\" decoding=\"async\" width=\"1024\" height=\"683\" src=\"http:\/\/kuse.eufu.net\/wp-content\/uploads\/2019\/01\/AB__0033_RZ_B04_72dpi-1-1024x683.jpg\" alt=\"\" class=\"wp-image-326\" srcset=\"https:\/\/kuse.eufu.net\/wp-content\/uploads\/2019\/01\/AB__0033_RZ_B04_72dpi-1-1024x683.jpg 1024w, https:\/\/kuse.eufu.net\/wp-content\/uploads\/2019\/01\/AB__0033_RZ_B04_72dpi-1-300x200.jpg 300w, https:\/\/kuse.eufu.net\/wp-content\/uploads\/2019\/01\/AB__0033_RZ_B04_72dpi-1-768x512.jpg 768w, https:\/\/kuse.eufu.net\/wp-content\/uploads\/2019\/01\/AB__0033_RZ_B04_72dpi-1-960x640.jpg 960w\" sizes=\"auto, (max-width: 1024px) 100vw, 1024px\" \/><\/figure>\n\n\n\n<p>Rauchdichtigkeit nach DIN 18095  <br>   Feuerwiderstandsklassen T30 (EI2 30) \/ F30 oder T90 (EI2 90) \/ F90 <br>nach DIN 4102  <br>   Einbruchhemmung nach DIN EN V1627 f\u00fcr T30 (EI2 30)-T\u00fcren in den <br>Klassen RC1 (WK1) oder RC2 (WK2), optional auch RC3 (WK3)  <br>   Ein- oder zweifl\u00fcgelige Rauch- \/ Brandschutzt\u00fcren kombinierbar mit <br>Festelementen in beliebiger Sprossenaufteilung bis 4,0 m (F90) bzw. <br>5,0 m (F30) H\u00f6he  <br>   Obent\u00fcrschlie\u00dfer, E-\u00d6ffner oder auch Anti-Panik-Funktionen nach <br>DIN EN 179 oder DIN EN 1125 sind integrierbar  <br>   Durchgehende Ansichtsgleichheit aller Systeme und beliebige <br>Kombinierbarkeit von T\u00fcren, Seitenteilen und Oberlichtern  <br>   Zargen- und T\u00fcrprofil liegen fl\u00e4chenb\u00fcndig nebeneinander  <br>   Zahlreiche Einsatzm\u00f6glichkeiten und maximale Gestaltungsfreiheit<\/p>\n\n\n\n<figure class=\"wp-block-image\"><img loading=\"lazy\" decoding=\"async\" width=\"1024\" height=\"683\" src=\"http:\/\/kuse.eufu.net\/wp-content\/uploads\/2019\/01\/novoferm_klosterhof_1116-0322_b03_72dpi-1024x683.jpg\" alt=\"\" class=\"wp-image-327\" srcset=\"https:\/\/kuse.eufu.net\/wp-content\/uploads\/2019\/01\/novoferm_klosterhof_1116-0322_b03_72dpi-1024x683.jpg 1024w, https:\/\/kuse.eufu.net\/wp-content\/uploads\/2019\/01\/novoferm_klosterhof_1116-0322_b03_72dpi-300x200.jpg 300w, https:\/\/kuse.eufu.net\/wp-content\/uploads\/2019\/01\/novoferm_klosterhof_1116-0322_b03_72dpi-768x513.jpg 768w, https:\/\/kuse.eufu.net\/wp-content\/uploads\/2019\/01\/novoferm_klosterhof_1116-0322_b03_72dpi-960x641.jpg 960w\" sizes=\"auto, (max-width: 1024px) 100vw, 1024px\" \/><figcaption><br><\/figcaption><\/figure>\n\n\n\n<p><strong>Systembeschreibung<\/strong><br>Aluminium-T\u00fcrelement aus Einkammer-Hohlprofilen. Die T\u00fcr ist unter Verwendung einer automatisch absenkbaren Bodendichtung nach DIN 18095 als Rauchschutzt\u00fcr gepr\u00fcft. Ansichtsbreite Rahmen und Fl\u00fcgel 150 mm, Sockelh\u00f6he 98 - 238 mm, Bautiefe 74 mm (T30 (EI<sub>2<\/sub>  30)) bzw. 90 mm (T90 (EI<sub>2<\/sub>&nbsp; 90)). Das Fl\u00fcgelma\u00df des Standfl\u00fcgels darf bei zweifl\u00fcgeligen T\u00fcren 500 mm nicht unterschreiten. Elemente vorgerichtet f\u00fcr die Montage. <\/p>\n\n\n\n<p><strong>Beschl\u00e4ge<\/strong><br>Einfallenschloss, vorgerichtet f\u00fcr Profilzylinder, Dr\u00fccker- bzw. Wechselgarnituren mit Ovalrosette in Aluminium, Edelstahl oder Kunststoff m\u00f6glich. Der Standfl\u00fcgel wird \u00fcber die obere Verriegelung mit einem Falztreibriegel gehalten, alternativ Anti-Panik-Funktion nach DIN EN 179 oder DIN EN 1125 m\u00f6glich. Gleitschienenobent\u00fcrschlie\u00dfer nach DIN EN 1154, z. B. GEZE TS 5000 \/ Dorma TS 93, integrierte T\u00fcrschlie\u00dfsysteme (Dorma ITS 96) bei RS und T30, Drehfl\u00fcgelt\u00fcrantrieb nach DIN 18263 \/ DIN 18650. <\/p>\n\n\n\n<figure class=\"wp-block-image\"><img loading=\"lazy\" decoding=\"async\" width=\"627\" height=\"1024\" src=\"http:\/\/kuse.eufu.net\/wp-content\/uploads\/2019\/01\/Aufsatzband-2tlg_lang_Edelstahl_72dpi-627x1024.jpg\" alt=\"\" class=\"wp-image-329\" srcset=\"https:\/\/kuse.eufu.net\/wp-content\/uploads\/2019\/01\/Aufsatzband-2tlg_lang_Edelstahl_72dpi-627x1024.jpg 627w, https:\/\/kuse.eufu.net\/wp-content\/uploads\/2019\/01\/Aufsatzband-2tlg_lang_Edelstahl_72dpi-184x300.jpg 184w, https:\/\/kuse.eufu.net\/wp-content\/uploads\/2019\/01\/Aufsatzband-2tlg_lang_Edelstahl_72dpi-768x1255.jpg 768w, https:\/\/kuse.eufu.net\/wp-content\/uploads\/2019\/01\/Aufsatzband-2tlg_lang_Edelstahl_72dpi-960x1568.jpg 960w, https:\/\/kuse.eufu.net\/wp-content\/uploads\/2019\/01\/Aufsatzband-2tlg_lang_Edelstahl_72dpi.jpg 1807w\" sizes=\"auto, (max-width: 627px) 100vw, 627px\" \/><\/figure>\n\n\n\n<p><strong>B\u00e4nder<\/strong><br>Zwei 2-teilige Aluminium-Anschraubb\u00e4nder je Fl\u00fcgel, dreidimensional verstellbar; bei Ausf\u00fchrung der T\u00fcr mit einem Drehfl\u00fcgelantrieb empfehlen wir drei B\u00e4nder. Auf Wunsch sind statt Anschraubb\u00e4ndern auch Rollenb\u00e4nder erh\u00e4ltlich. <\/p>\n\n\n\n<p><strong>Oberfl\u00e4che<\/strong><br>Eloxiert, Edelstahloptik oder pulverbeschichtet endlackiert (RAL Classic nach Wahl). <\/p>\n\n\n\n<figure class=\"wp-block-image\"><img loading=\"lazy\" decoding=\"async\" width=\"1024\" height=\"1024\" src=\"http:\/\/kuse.eufu.net\/wp-content\/uploads\/2019\/01\/6638_Eckstueck.RGB_color.0000_B_72dpi-1024x1024.jpg\" alt=\"\" class=\"wp-image-328\" srcset=\"https:\/\/kuse.eufu.net\/wp-content\/uploads\/2019\/01\/6638_Eckstueck.RGB_color.0000_B_72dpi-1024x1024.jpg 1024w, https:\/\/kuse.eufu.net\/wp-content\/uploads\/2019\/01\/6638_Eckstueck.RGB_color.0000_B_72dpi-150x150.jpg 150w, https:\/\/kuse.eufu.net\/wp-content\/uploads\/2019\/01\/6638_Eckstueck.RGB_color.0000_B_72dpi-300x300.jpg 300w, https:\/\/kuse.eufu.net\/wp-content\/uploads\/2019\/01\/6638_Eckstueck.RGB_color.0000_B_72dpi-768x768.jpg 768w, https:\/\/kuse.eufu.net\/wp-content\/uploads\/2019\/01\/6638_Eckstueck.RGB_color.0000_B_72dpi-960x960.jpg 960w\" sizes=\"auto, (max-width: 1024px) 100vw, 1024px\" \/><\/figure>\n\n\n\n<p><strong>Verglasung<\/strong><br>Sicherheitsglas VSG bzw. ESG. Verglasungsvarianten und Paneelf\u00fcllungen, Profile mit einseitigem Glasfalz und Glashalteleisten auf der Bandgegenseite, Trockenverglasung mit EPDM-Dichtungen. <\/p>\n\n\n\n<p><strong>Festverglasung<\/strong><br>Fl\u00e4chenb\u00fcndige Anschl\u00fcsse an die T\u00fcr, alternativ alleinstehend m\u00f6glich, wahlweise Schr\u00e4gen oder T-Anschl\u00fcsse. Die Rahmenstiele m\u00fcssen ungesto\u00dfen \u00fcber die gesamte H\u00f6he der Brandschutzverglasung durchlaufen.<\/p>\n","protected":false},"excerpt":{"rendered":"<p>NovoFire Profilrahmensysteme aus Aluminium sind wie geschaffen f\u00fcr den modernen Objektbau. Mit eleganten Oberfl\u00e4chen, zeitlosem Design und zahlreichen Varianten bieten sie dem ambitionierten Architekten und Planer schier unbegrenzte M\u00f6glichkeiten bei der Gestaltung von transparenten Feuer- und Rauchschutzabschl\u00fcssen im Innenbereich. Dabei sind ein- und zweifl\u00fcgelige T\u00fcren mit Oberlichtern und Seitenteilen \u00fcberaus vielf\u00e4ltig miteinander kombinierbar. Rauchdichtigkeit nach <a href=\"https:\/\/kuse.eufu.net\/?page_id=325\" class=\"more-link\">...weiterlesen<span class=\"screen-reader-text\"> \"Brandschutz- Rohrrahment\u00fcren\"<\/span><\/a><\/p>\n","protected":false},"author":1,"featured_media":0,"parent":303,"menu_order":3,"comment_status":"closed","ping_status":"closed","template":"","meta":{"ngg_post_thumbnail":0,"footnotes":""},"class_list":["post-325","page","type-page","status-publish","h-entry","hentry","h-as-page"],"aioseo_notices":[],"_links":{"self":[{"href":"https:\/\/kuse.eufu.net\/index.php?rest_route=\/wp\/v2\/pages\/325","targetHints":{"allow":["GET"]}}],"collection":[{"href":"https:\/\/kuse.eufu.net\/index.php?rest_route=\/wp\/v2\/pages"}],"about":[{"href":"https:\/\/kuse.eufu.net\/index.php?rest_route=\/wp\/v2\/types\/page"}],"author":[{"embeddable":true,"href":"https:\/\/kuse.eufu.net\/index.php?rest_route=\/wp\/v2\/users\/1"}],"replies":[{"embeddable":true,"href":"https:\/\/kuse.eufu.net\/index.php?rest_route=%2Fwp%2Fv2%2Fcomments&post=325"}],"version-history":[{"count":2,"href":"https:\/\/kuse.eufu.net\/index.php?rest_route=\/wp\/v2\/pages\/325\/revisions"}],"predecessor-version":[{"id":342,"href":"https:\/\/kuse.eufu.net\/index.php?rest_route=\/wp\/v2\/pages\/325\/revisions\/342"}],"up":[{"embeddable":true,"href":"https:\/\/kuse.eufu.net\/index.php?rest_route=\/wp\/v2\/pages\/303"}],"wp:attachment":[{"href":"https:\/\/kuse.eufu.net\/index.php?rest_route=%2Fwp%2Fv2%2Fmedia&parent=325"}],"curies":[{"name":"wp","href":"https:\/\/api.w.org\/{rel}","templated":true}]}}